{"id":1453,"date":"2020-07-26T19:49:42","date_gmt":"2020-07-26T19:49:42","guid":{"rendered":"https:\/\/filmfestivaldorf.com\/hr\/?page_id=1453"},"modified":"2020-08-04T05:46:50","modified_gmt":"2020-08-04T05:46:50","slug":"2020dorf-tusta","status":"publish","type":"page","link":"https:\/\/filmfestivaldorf.com\/hr\/2020dorf-tusta\/","title":{"rendered":"2020DORF-Tusta"},"content":{"rendered":"<h3><span style=\"text-decoration: underline;\"><a href=\"https:\/\/filmfestivaldorf.com\/hr\/raspored-dorf-2020\/\">Raspored 2020<\/a><\/span><\/h3>\n<h3 class=\"uppercase\"><strong><span style=\"color: #282828; background-color: #c0c0c0;\">DORF<\/span>\/ \u201eTusta\u201c <\/strong><\/h3>\n<p class=\"lead\">(Hrvatska, Factum, 2019)<\/p>\n<p>re\u017eija: Andrej Korovljev, 109&#8242;<\/p>\n<p>&nbsp;<\/p>\n<div class=\"row row-dashed\"  id=\"row-209521670\">\n<div class=\"col medium-7 small-7 large-7\"  ><div class=\"col-inner\"  >\n<p><img loading=\"lazy\" src=\"https:\/\/filmfestivaldorf.com\/hr\/wp-content\/uploads\/2020\/07\/Tusta_poster.jpg\" alt=\"\" width=\"600\" height=\"857\" class=\"alignnone size-full wp-image-1460\" srcset=\"https:\/\/filmfestivaldorf.com\/hr\/wp-content\/uploads\/2020\/07\/Tusta_poster.jpg 600w, https:\/\/filmfestivaldorf.com\/hr\/wp-content\/uploads\/2020\/07\/Tusta_poster-280x400.jpg 280w, https:\/\/filmfestivaldorf.com\/hr\/wp-content\/uploads\/2020\/07\/Tusta_poster-560x800.jpg 560w\" sizes=\"(max-width: 600px) 100vw, 600px\" \/><\/p>\n<\/div><\/div>\n<div class=\"col medium-5 small-5 large-5\"  ><div class=\"col-inner\"  >\n<p>Biografski dokumentarac o Branku \u010crncu Tusti i njegovom pulskom punk-rock sastavu KUD<br \/>\nIdijoti. Zbog svog beskompromisnog antifa\u0161isti\u010dkog stava i borbe za prava potla\u010denih i obespravljenih, Tusta je bio pravi heroj radni\u010dke klase.<\/p>\n<p>Njegove poruke o toleranciji, su\u017eivotu i socijalnoj pravdi, smatrane \u201ekomunisti\u010dkima\u201c devedesetih godina, zatvorile su Idijotima<br \/>\nvrata ve\u0107ine radio stanica u Hrvatskoj. To ih nije odvratilo od ovih vrijednosti, a bili su i prvi<br \/>\nhrvatski sastav koji je odr\u017eao koncert u Srbiji nakon rata.<\/p>\n<p>Kroz ovaj film otkrivamo i Tustinu intimnu, ljudsku dimenziju koja ga je u kona\u010dnici i u\u010dinila punk-rock ikonom. Autor je gost festivala.<\/p>\n<\/div><\/div>\n\n<style scope=\"scope\">\n\n#row-209521670 > .col > .col-inner {\n  padding: 30px;\n}\n<\/style>\n<\/div>\n","protected":false},"excerpt":{"rendered":"<p>Raspored 2020 DORF\/ \u201eTusta\u201c (Hrvatska, Factum, 2019) re\u017eija: Andrej Korovljev, 109&#8242; &nbsp;<\/p>\n","protected":false},"author":1,"featured_media":11,"parent":0,"menu_order":14,"comment_status":"closed","ping_status":"closed","template":"page-blank-title-center.php","meta":{"_monsterinsights_skip_tracking":false,"_monsterinsights_sitenote_active":false,"_monsterinsights_sitenote_note":"","_monsterinsights_sitenote_category":0,"_links_to":"","_links_to_target":""},"aioseo_notices":[],"_links":{"self":[{"href":"https:\/\/filmfestivaldorf.com\/hr\/wp-json\/wp\/v2\/pages\/1453"}],"collection":[{"href":"https:\/\/filmfestivaldorf.com\/hr\/wp-json\/wp\/v2\/pages"}],"about":[{"href":"https:\/\/filmfestivaldorf.com\/hr\/wp-json\/wp\/v2\/types\/page"}],"author":[{"embeddable":true,"href":"https:\/\/filmfestivaldorf.com\/hr\/wp-json\/wp\/v2\/users\/1"}],"replies":[{"embeddable":true,"href":"https:\/\/filmfestivaldorf.com\/hr\/wp-json\/wp\/v2\/comments?post=1453"}],"version-history":[{"count":6,"href":"https:\/\/filmfestivaldorf.com\/hr\/wp-json\/wp\/v2\/pages\/1453\/revisions"}],"predecessor-version":[{"id":1461,"href":"https:\/\/filmfestivaldorf.com\/hr\/wp-json\/wp\/v2\/pages\/1453\/revisions\/1461"}],"wp:featuredmedia":[{"embeddable":true,"href":"https:\/\/filmfestivaldorf.com\/hr\/wp-json\/wp\/v2\/media\/11"}],"wp:attachment":[{"href":"https:\/\/filmfestivaldorf.com\/hr\/wp-json\/wp\/v2\/media?parent=1453"}],"curies":[{"name":"wp","href":"https:\/\/api.w.org\/{rel}","templated":true}]}}

<h3><span style="text-decoration: underline;"><a href="https://filmfestivaldorf.com/hr/raspored-dorf-2020/">Raspored 2020</a></span></h3>
<h3 class="uppercase"><strong><span style="color: #282828; background-color: #c0c0c0;">DORF</span>/ „Tusta“ </strong></h3>
<p class="lead">(Hrvatska, Factum, 2019)</p>
<p>režija: Andrej Korovljev, 109&#8242;</p>
<p>&nbsp;</p>
<div class="row row-dashed"  id="row-209521670">
<div class="col medium-7 small-7 large-7"  ><div class="col-inner"  >
<p><img loading="lazy" src="https://filmfestivaldorf.com/hr/wp-content/uploads/2020/07/Tusta_poster.jpg" alt="" width="600" height="857" class="alignnone size-full wp-image-1460" srcset="https://filmfestivaldorf.com/hr/wp-content/uploads/2020/07/Tusta_poster.jpg 600w, https://filmfestivaldorf.com/hr/wp-content/uploads/2020/07/Tusta_poster-280x400.jpg 280w, https://filmfestivaldorf.com/hr/wp-content/uploads/2020/07/Tusta_poster-560x800.jpg 560w" sizes="(max-width: 600px) 100vw, 600px" /></p>
</div></div>
<div class="col medium-5 small-5 large-5"  ><div class="col-inner"  >
<p>Biografski dokumentarac o Branku Črncu Tusti i njegovom pulskom punk-rock sastavu KUD<br />
Idijoti. Zbog svog beskompromisnog antifašističkog stava i borbe za prava potlačenih i obespravljenih, Tusta je bio pravi heroj radničke klase.</p>
<p>Njegove poruke o toleranciji, suživotu i socijalnoj pravdi, smatrane „komunističkima“ devedesetih godina, zatvorile su Idijotima<br />
vrata većine radio stanica u Hrvatskoj. To ih nije odvratilo od ovih vrijednosti, a bili su i prvi<br />
hrvatski sastav koji je održao koncert u Srbiji nakon rata.</p>
<p>Kroz ovaj film otkrivamo i Tustinu intimnu, ljudsku dimenziju koja ga je u konačnici i učinila punk-rock ikonom. Autor je gost festivala.</p>
</div></div>

<style scope="scope">

#row-209521670 > .col > .col-inner {
  padding: 30px;
}
</style>
</div>

<p>Raspored 2020 DORF/ „Tusta“ (Hrvatska, Factum, 2019) režija: Andrej Korovljev, 109&#8242; &nbsp;</p>
